{"id":1798,"date":"2026-02-15T21:59:23","date_gmt":"2026-02-15T21:59:23","guid":{"rendered":"https:\/\/gaziantepbaklavacisibursa.com\/?post_type=product&#038;p=1798"},"modified":"2026-02-15T21:59:23","modified_gmt":"2026-02-15T21:59:23","slug":"dondurma","status":"publish","type":"product","link":"https:\/\/gaziantepbaklavacisibursa.com\/?product=dondurma","title":{"rendered":"Dondurma"},"content":{"rendered":"<p>Do\u011fal s\u00fctle haz\u0131rlanan sade dondurma \u2014 ferahlatan lezzeti ve ipeksi k\u0131vam\u0131yla tatl\u0131lar\u0131n\u0131za m\u00fckemmel e\u015flik eder.<\/p>\n","protected":false},"excerpt":{"rendered":"<p>Do\u011fal s\u00fctle haz\u0131rlanan sade dondurma \u2014 ferahlatan lezzeti ve ipeksi k\u0131vam\u0131yla tatl\u0131lar\u0131n\u0131za m\u00fckemmel e\u015flik eder.<\/p>\n","protected":false},"featured_media":1799,"comment_status":"open","ping_status":"closed","template":"","meta":[],"product_brand":[],"product_cat":[22,24],"product_tag":[],"class_list":{"0":"post-1798","1":"product","2":"type-product","3":"status-publish","4":"has-post-thumbnail","6":"product_cat-sutlu-tatlilar","7":"product_cat-tatlilar","9":"first","10":"instock","11":"shipping-taxable","12":"product-type-simple"},"_links":{"self":[{"href":"https:\/\/gaziantepbaklavacisibursa.com\/index.php?rest_route=\/wp\/v2\/product\/1798","targetHints":{"allow":["GET"]}}],"collection":[{"href":"https:\/\/gaziantepbaklavacisibursa.com\/index.php?rest_route=\/wp\/v2\/product"}],"about":[{"href":"https:\/\/gaziantepbaklavacisibursa.com\/index.php?rest_route=\/wp\/v2\/types\/product"}],"replies":[{"embeddable":true,"href":"https:\/\/gaziantepbaklavacisibursa.com\/index.php?rest_route=%2Fwp%2Fv2%2Fcomments&post=1798"}],"wp:featuredmedia":[{"embeddable":true,"href":"https:\/\/gaziantepbaklavacisibursa.com\/index.php?rest_route=\/wp\/v2\/media\/1799"}],"wp:attachment":[{"href":"https:\/\/gaziantepbaklavacisibursa.com\/index.php?rest_route=%2Fwp%2Fv2%2Fmedia&parent=1798"}],"wp:term":[{"taxonomy":"product_brand","embeddable":true,"href":"https:\/\/gaziantepbaklavacisibursa.com\/index.php?rest_route=%2Fwp%2Fv2%2Fproduct_brand&post=1798"},{"taxonomy":"product_cat","embeddable":true,"href":"https:\/\/gaziantepbaklavacisibursa.com\/index.php?rest_route=%2Fwp%2Fv2%2Fproduct_cat&post=1798"},{"taxonomy":"product_tag","embeddable":true,"href":"https:\/\/gaziantepbaklavacisibursa.com\/index.php?rest_route=%2Fwp%2Fv2%2Fproduct_tag&post=1798"}],"curies":[{"name":"wp","href":"https:\/\/api.w.org\/{rel}","templated":true}]}}